).
-1
Let l(f) = -f - 8. Suppose h + 12 = 3*h. Let n(u) = -u**2 + 7*u - 6. Let m be n(h). Suppose 0*r + 12 = -2*r + 2*x, m = -2*r - 4*x - 6. Determine l(r).
-3
Suppose c + c + 38 = 0. Let x = c - -21. Let k be 0/(-2*x/(-4)). Let l(a) = -a**3 + 10. Give l(k).
10
Suppose 0 = 3*x + 7*x - 80. Let w(i) = 9*i - 2. Let u(f) = -8*f + 3. Let r(s) = -7*u(s) - 6*w(s). Determine r(x).
7
Let r(g) = -g**3 + 4*g**2 + 7*g - 6. Let x = 40 - 32. Suppose 4*l + w - 16 = 0, 4*l = x*l + 2*w - 12. What is r(l)?
4
Let z(h) = h**2 - 15*h + 1. Let x be z(15). Let m(q) = q**2 + x + 4 + 3 + 2*q - 6*q. Calculate m(6).
20
Let m(d) = -4*d - 2. Let p be m(-2). Let a = -10 + p. Let k(b) be the second derivative of -b**4/6 - 5*b**3/6 + 2*b**2 + 229*b. What is k(a)?
-8
Let k be (-561)/(-297) + 3/27. Let o(u) = 5*u**2 + 3*u - 5. What is o(k)?
21
Let o(c) = c**3 - 6*c**2 - c - 5. Let i = 10 + -4. Suppose -2*s = i - 4. Let t be s/4 - (-75)/12. What is o(t)?
-11
Let p(v) = -2*v**3. Suppose 0 = 3*h + 26 + 22. Let j = -22 - h. Let d be (1 - 2)/(-7 - j). What is p(d)?
-2
Let m(y) = 12 + 40*y + 3 - 7 - 41*y + 6. Give m(0).
14
Let i(a) = 10*a - 1. Let j = -12 - -17. Let h be 3 - 0 - 5*(j + -4). Give i(h).
-21
Let o(p) = -p**2 + 11*p - 14. Let n(i) = -i**2 + 7*i. Suppose 3*w - 3*a = w + 10, -5 = -w - 5*a. Let g be n(w). Determine o(g).
-4
Let q(n) be the first derivative of n**4/4 + 8*n**3/3 + 5*n**2/2 + 9*n - 142. What is q(-7)?
23
Let i(m) = -m**3 + 6*m**2 - 2*m + 9. Suppose 0*d + 2 = 2*d. Let a be ((-2)/(-4))/((-4)/(-8)). Let v be a - d - (-8 + 2). What is i(v)?
-3
Let m be 2/(-10)*((-276)/4 - 16). Let q(j) = 4*j - 57. Determine q(m).
11
Let p(l) = 4*l - 1. Suppose -4*x = -3*x + 2, 2*w = x. What is p(w)?
-5
Suppose -q + 2 = 9*w - 8*w, 3*w - 10 = -5*q. Let t(p) be the second derivative of -p**5/20 + p**4/12 + 9*p**2/2 + 7*p. Determine t(w).
9
Let q(k) be the first derivative of k**4/4 + 4*k**3/3 - 5*k**2/2 + 3*k - 79. Calculate q(-5).
3
Let w(v) = -24*v**2 + v + 1. Suppose -5*y + 12 = -y - 4*s, 5*y - 7 = 3*s. Determine w(y).
-24
Let m be -5 + 2 + 5 + -2. Let f(i) be the third derivative of m - 1/120*i**6 - 1/6*i**4 - 5*i**2 - 1/10*i**5 + 0*i - i**3. Give f(-5).
-11
Suppose -15 = -13*y + 11. Let u(q) = -7*q - 1. Give u(y).
-15
Let i(z) = 8*z**2 - 36*z - 16. Let v(r) = 2*r**2 - r - 1. Let f(g) = -i(g) + 5*v(g). Calculate f(-15).
-4
Suppose -168 = 37*h - 9*h. Suppose -4*s - 3*k + 19 - 5 = 0, -2*s + 12 = 4*k. Let q(g) = s*g + 3 + 0*g - 1. Calculate q(h).
-10
Let y(d) = 6*d + 10. Let v(s) = 8*s + 18. Let l(f) = -15*f - 33. Let m(w) = 3*l(w) + 5*v(w). Let h = 1 + 2. Let u(q) = h*y(q) + 4*m(q). Calculate u(-5).
4
Let v(r) = 2*r + 5. Let k = 4 + 4. Suppose -4*u + 24 = k. Suppose -18 = -u*z + 7*z. Determine v(z).
-7
Let y(v) = v**2 - 2*v + 2. Let z be 64/(-28) + (-2)/(-7) - 2. Give y(z).
26
Let f(k) = k - 14*k**3 - 1 + 20*k**3 - 8*k**3 + 2*k**2 + k**2. Let d(c) = -2*c**3 + 2*c**2 + c - 1. Let o(l) = 7*d(l) - 6*f(l). Give o(-3).
14
Let d(f) be the first derivative of -f**4/4 + 11*f**3/3 - 5*f**2 - 7*f + 2. Let k be d(10). Let q(z) = -z**3 - 8*z**2 - 6*z + 2. Calculate q(k).
-5
Suppose 12 = -34*o + 32*o. Let b(q) = q**2 + 5*q. Determine b(o).
6
Suppose 0 = 53*r - 49*r - 8. Let w(z) = -z**3 + 2*z**2 - z + 3. Give w(r).
1
Let s(a) = -a**3 + 10*a**2 + 0*a**2 - 256*a - 256*a + 503*a - 3. Determine s(9).
-3
Let u(m) be the third derivative of -m**7/840 - 7*m**6/360 - m**5/24 + 8*m**3/3 - 4*m**2. Let k(f) be the first derivative of u(f). Calculate k(-6).
-6
Let q(r) = -5*r**3 + r - 1. Suppose -1 = 2*b - 9. Suppose -2*n = -4*k - 10, -b*k + 3 = -n - 6*k. Let u be 0 + n - 0/(-16). Give q(u).
-5
Let f be (-8)/24 + 44/6. Suppose -g - 12 + f = 0. Let c be 12/((-6)/2) - g. Let m(j) = -j + 1. Determine m(c).
0
Suppose 3*c - 2*c + 5*t - 2 = 0, -c + 2 = -3*t. Let a(g) = 0 - c + 0*g - 5*g + 0*g. Give a(2).
-12
Let k(y) = -26*y + 322. Let d be k(12). Let s(v) = v**2 - 13*v + 12. What is s(d)?
-18
Let q(f) = 6*f**3 - f**2 + 1. Let r(y) = 4*y**2 + y - 5. Let x be r(-3). Let t be (x/10 + -3)/(2/(-10)). Determine q(t).
6
Let x(z) be the third derivative of -z**4/8 + 59*z**3/6 - 198*z**2. Determine x(17).
8
Let m(i) be the third derivative of -i**5/60 - i**4/3 - 5*i**3/6 - i**2. Suppose 10*k = 5*k + 100. Suppose 11*y + 46 = -k. Determine m(y).
7
Let h(m) = m**3 - 3*m**2 - 5*m + 4. Suppose 0*l - 4*l + 18 = g, -3*g - l + 32 = 0. Suppose -3*i = -s + g, -4*s - i = -6*i - 26. What is h(s)?
0
Let k(b) = -b - 3. Let q(s) = -s - 4. Suppose 0*j - j + 6 = 2*g, -5*j + 4*g + 2 = 0. Let r(v) = j*k(v) - 3*q(v). Determine r(-7).
-1
Suppose g - 44 + 149 = -4*k, -5*g - 83 = 3*k. Let m = -14 - 10. Let h = k - m. Let x(f) = -f**2 - 5*f - 3. Give x(h).
3
Let n(z) be the first derivative of -6*z - 13 - 7/3*z**3 - 1/4*z**4 - 4*z**2. Calculate n(-6).
6
Let f(n) = 6*n**2 + 64*n + 54. Let q(b) = -b**2 - 13*b - 11. Let o(j) = 2*f(j) + 11*q(j). Give o(11).
-57
Suppose -4*q + c - 8 = 0, 6*c - c - 19 = -q. Let g be (q + 1)/(3 + -5). Let m(r) = -2 + 6 + g*r + r. Calculate m(0).
4
Suppose 396 = 9*o + 36. Let s(q) = -30 + 3*q + o - q. Calculate s(-9).
-8
Suppose -v = 1 + 7. Let c(u) = -u - 12. Let y(o) = -o - 13. Let i(k) = -5*c(k) + 4*y(k). What is i(v)?
0
Let t(k) = 6*k**3 + 5*k**2 + k + 5. Let m(x) = -6*x**3 - 6*x**2 - x - 6. Let d(f) = -5*m(f) - 6*t(f). Determine d(-1).
7
Let i(m) = -5*m**2 + 8*m - 22. Let a(b) = -4*b**2 + 8*b - 21. Let x(t) = 6*a(t) - 5*i(t). Determine x(-10).
4
Suppose -6*j - 4 = -4*j. Let i be j - 1/((-1)/8). Suppose -3*x - i = -x. Let n(u) = 2*u + 3. Determine n(x).
-3
Let z(l) = -2*l**2 - 54*l - 119. Let p be z(-24). Let k = -37 + 65. Let v = p - k. Let g(o) = o + 2. Determine g(v).
-1
Suppose -3*s = 3*u - 6, 1 = 2*u - 9*s + 12*s. Let y(l) = l**3 - 5*l**2 - 2*l - 2. What is y(u)?
-12
Let k(r) = -r + 2. Suppose a = 2*u - 1, 2*a = -0*u + 3*u - 4. Let y be k(u). Let g(v) = 3*v**2 - v**3 - 3 + 3 - 2 + 5*v. Determine g(y).
2
Let c(l) = 2*l + 10. Let z(k) = 21*k - 498. Let b be z(24). Calculate c(b).
22
Let d(s) = 3*s - 2. Let g(u) = -6*u + 5. Let q(z) = -3*d(z) - g(z). Suppose 0 = 3*n + n - 16. Calculate q(n).
-11
Let j(r) be the first derivative of -r**2/2 - 2*r + 2. Let y be j(-5). Let k(z) = -2*z + 2. Let v(d) = -2*d + 1. Let g(h) = y*v(h) - 4*k(h). Determine g(4).
3
Let u(r) = r**3 - 10*r**2 + 2*r + 6. Let g(z) = z**3 - 11*z**2 + 2*z + 6. Let i(l) = 4*l + 15. Let f be i(-3). Let w(a) = f*g(a) - 4*u(a). Determine w(6).
18
Let x(l) = -4*l**2 + 6*l + 3. Let a(v) be the second derivative of v**4/4 - 5*v**3/6 - 3*v**2/2 + 10*v. Let p(s) = 3*a(s) + 2*x(s). Give p(-2).
7
Let o(a) be the first derivative of -a**2/2 - 2*a - 3. Let x(c) = -2*c - 3. Let s(z) = 5*o(z) - 3*x(z). Suppose -2*h + 4*h = -6. What is s(h)?
-4
Let s(g) = -32*g. Let p be 12/8*(-24)/(-36). Determine s(p).
-32
Let f(z) be the first derivative of 5*z**2/2 - z + 1. Suppose 0*o - 9 = 3*o, 2*o + 6 = -k. Suppose 0 = -4*d + q + 6, 5*d + 2*q + 3*q + 5 = k. What is f(d)?
4
Let p(d) = -2 + 1 - 2 + 7*d**2 - d**3 + 8*d - 2*d**2. Let x = 7 + 5. Suppose 0*v - x = -2*v. Calculate p(v).
9
Let l(x) be the first derivative of -x**4/4 - 11*x**3/3 - 9*x**2/2 + 12*x + 2. Let d be l(-10). Let o(p) = -p**2 + 2*p + 2. What is o(d)?
2
Let t = -100 - -157. Let s(h) = -18*h + 6 - 20*h + t*h - 18*h. Determine s(-6).
0
Let g(a) = a**2 - 14*a + 32. Let p(k) = 3. Let t(u) = g(u) - 6*p(u). What is t(5)?
-31
Let n(v) be the first derivative of 5*v**4/24 + 8*v**2 + 13. Let b(s) be the second derivative of n(s). Give b(-3).
-15
Let a(f) = 3*f - 4. Let o be 4*(75/(-12) - -7) - 4. What is a(o)?
-7
Let a = 12 - 6. Let q(o) = -4*o - 9. Let d be q(-4). Let f(s) = s**2 + 6*s - 8*s**2 + d*s**2 - s**2. Give f(a).
0
Let r(m) = -10*m - 1. Let t be ((-2 - -3)*5)/(-1). Let h = 6 + t. Determine r(h).
-11
Let o(w) be the third derivative of -w**4/24 + 3*w**3/2 - w**2. Suppose -7 = -q - 3. Let m be q - 0/(4 - 6). Determine o(m).
5
Let i be (56/(-7 - 1))/(-1). Let j(c) = c**2 - 6*c + 7. What is j(i)?
14
Let o(q) = q**2 + q + 1. Let v(y) = -3*y**2 - 4*y - 3. Let m(h) = -7*o(h) - 2*v(h). Suppose 5 = -4*s + 61. Suppose 4*u = s - 2. Calculate m(u).
-7
Let u(s) = -4*s + 9. Let v = -108 + 112. Give u(v).
-7
Let b = -480 + 484. Let x(t) be the third derivative of -2*t**3 - t**2 + 0 - 1/24*t**b + 0*t. Give x(-5).
-7
